 of 67459412.
2, 61, 83, 3331
List the prime factors of 1100092500.
2, 3, 5, 13, 3761
What are the prime factors of 15153888?
2, 3, 43, 3671
What are the prime factors of 98013554?
2, 49006777
What are the prime factors of 178673255?
5, 67, 533353
What are the prime factors of 6654925566?
2, 3, 71, 1637, 3181
List the prime factors of 994414441.
241, 4126201
List the prime factors of 110280613.
6277, 17569
List the prime factors of 6303774333.
3, 1637, 1283603
What are the prime factors of 46369346?
2, 239, 97007
List the prime factors of 26617049.
23, 1157263
What are the prime factors of 25341428?
2, 7, 129293
What are the prime factors of 19032370?
2, 5, 7, 97, 2803
What are the prime factors of 292981834?
2, 293, 499969
What are the prime factors of 2512539713?
2512539713
List the prime factors of 454683078.
2, 3, 53, 79, 2011
List the prime factors of 34496310.
2, 3, 5, 359, 3203
What are the prime factors of 1391397972?
2, 3, 23, 1733, 2909
What are the prime factors of 168240738?
2, 3, 17, 1649419
List the prime factors of 361255265.
5, 7, 19, 543241
What are the prime factors of 16646782?
2, 8323391
List the prime factors of 39752405.
5, 7, 11, 79, 1307
List the prime factors of 95613366.
2, 3, 15935561
List the prime factors of 11502601.
11, 1045691
What are the prime factors of 51378828?
2, 3, 17, 251857
List the prime factors of 1003398564.
2, 3, 7, 11945221
List the prime factors of 174421643.
11, 15856513
List the prime factors of 578055462.
2, 3, 96342577
List the prime factors of 434046433.
9629, 45077
What are the prime factors of 40778635?
5, 8155727
What are the prime factors of 408692790?
2, 3, 5, 11, 45869
What are the prime factors of 6276728183?
11, 570611653
List the prime factors of 3284366135.
5, 11353, 57859
List the prime factors of 61521206.
2, 149, 206447
What are the prime factors of 49090448?
2, 11, 41, 6803
What are the prime factors of 8366241644?
2, 2091560411
List the prime factors of 1165594067.
11, 105963097
List the prime factors of 824585988.
2, 3, 31, 2216629
What are the prime factors of 71535903?
3, 23845301
List the prime factors of 47532072.
2, 3, 7, 19, 14891
What are the prime factors of 181455302?
2, 7, 12961093
What are the prime factors of 60261148?
2, 31, 485977
List the prime factors of 726359058.
2, 3, 241, 167441
List the prime factors of 700504306.
2, 5557, 63029
List the prime factors of 33125295.
3, 5, 7, 389, 811
List the prime factors of 838098448.
2, 11, 4761923
What are the prime factors of 8358519?
3, 13, 107, 2003
List the prime factors of 612519386.
2, 37, 1093, 7573
List the prime factors of 91926737.
7, 13132391
What are the prime factors of 87543480?
2, 3, 5, 37, 19717
What are the prime factors of 357648741?
3, 1913, 20773
List the prime factors of 857873876.
2, 199, 487, 2213
What are the prime factors of 130870955?
5, 19, 1377589
List the prime factors of 71308999.
17, 29, 109, 1327
What are the prime factors of 892476785?
5, 178495357
What are the prime factors of 1312945225?
5, 23, 193, 11831
What are the prime factors of 56081437?
56081437
List the prime factors of 585970444.
2, 146492611
What are the prime factors of 140142691?
13, 10780207
List the prime factors of 360567572.
2, 31, 2907803
List the prime factors of 160570356.
2, 3, 13380863
List the prime factors of 464013709.
1583, 293123
List the prime factors of 1900605814.
2, 17, 55900171
What are the prime factors of 277163348?
2, 7, 11, 899881
What are the prime factors of 1919918911?
43, 643, 69439
What are the prime factors of 439297772?
2, 109824443
What are the prime factors of 79047928?
2, 9880991
What are the prime factors of 367764894?
2, 3, 7, 23, 6043
List the prime factors of 179653531.
19, 89, 131, 811
List the prime factors of 546018806.
2, 479, 569957
What are the prime factors of 68174253?
3, 7, 281, 3851
List the prime factors of 43104548.
2, 10776137
What are the prime factors of 5698956136?
2, 11519, 61843
What are the prime factors of 33549035?
5, 13, 39703
What are the prime factors of 140882855?
5, 59, 61, 7829
What are the prime factors of 219697388?
2, 29, 487, 3889
What are the prime factors of 1734240281?
29, 523, 114343
List the prime factors of 1426511861.
181, 7881281
List the prime factors of 102454940.
2, 5, 7, 731821
List the prime factors of 5175382482.
2, 3, 31, 9274879
List the prime factors of 85276175.
5, 3411047
What are the prime factors of 89682951?
3, 149, 313, 641
What are the prime factors of 3100852?
2, 173, 4481
What are the prime factors of 104955038?
2, 2459, 21341
What are the prime factors of 10897623?
3, 11, 10007
What are the prime factors of 140381985?
3, 5, 9358799
List the prime factors of 155464510.
2, 5, 127, 163, 751
What are the prime factors of 56332205?
5, 11266441
What are the prime factors of 809405741?
809405741
List the prime factors of 43309206.
2, 3, 2406067
List the prime factors of 396425304.
2, 3, 11, 271, 1847
List the prime factors of 1324916697.
3, 13, 33972223
List the prime factors of 3113047073.
89, 34978057
List the prime factors of 42704884.
2, 17, 628013
What are the prime factors of 134596125?
3, 5, 181, 661
What are the prime factors of 228088554?
2, 3, 131, 290189
List the prime factors of 8077035.
3, 5, 463, 1163
List the prime factors of 1011431486.
2, 13, 23, 457, 3701
What are the prime factors of 1422515827?
313, 4544779
What are the prime factors of 106992636?
2, 3, 839, 10627
List the prime factors of 8058514408.
2, 7, 143902043
What are the prime factors of 6990284?
2, 7, 421, 593
What are the prime factors of 1408880996?
2, 199, 223, 7937
List the prime factors of 160932273.
3, 43, 1051, 1187
List the prime factors of 286132307.
286132307
What are the prime factors of 68768423?
7127, 9649
List the prime factors of 144560745.
3, 5, 7, 107, 4289
What are the prime factors of 23705136?
2, 3, 7, 13, 67
List the prime factors of 1599916109.
11, 19, 29, 107, 2467
List the prime factors of 32882872.
2, 11, 373669
List the prime factors of 2460857966.
2, 7, 41, 4287209
What are the prime factors of 1846583758?
2, 17, 29, 31, 60413
What are the prime factors of 91399435?
5, 37, 494051
List the prime factors of 119832159.
3, 37, 1079569
List the prime factors of 1660492893.
3, 2221, 249211
List the prime factors of 221874155.
5, 44374831
What are the prime factors of 658104832?
2, 7, 11, 16693
List the prime factors of 737951512.
2, 47, 1962637
What are the prime factors of 236533375?
5, 13, 19, 47, 163
What are the prime factors of 44188399?
44188399
List the prime factors of 1042900101.
3, 19, 6098831
What are the prime factors of 14023912?
2, 7, 17, 14731
What are the prime factors of 527491350?
2, 3, 5, 31, 37813
What are the prime factors of 79064258?
2, 7, 13, 157, 2767
What are the prime factors of 243856102?
2, 7, 17418293
What are the prime factors of 1631330949?
3, 31, 1213, 14461
What are the prime factors of 174174590?
2, 5, 2113, 8243
What are the prime factors of 82811880?
2, 3, 5, 19, 12107
What are the prime factors of 1927855819?
5153, 374123
List the prime factors of 859316580.
2, 3, 5, 73, 21799
List the prime factors of 89551880.
2, 5, 11, 23, 8849
What are the prime factors of 61686463?
107, 576509
What are the prime factors of 831134?
2, 415567
List the prime factors of 7332785366.
2, 373, 1447, 6793
What are the prime factors of 224089829?
224089829
List the prime factors of 241084382.
2, 7, 11, 97, 16139
List the prime factors of 53262001.
13, 4097077
List the prime factors of 75754160.
2, 5, 71, 13337
What are the prime factors of 4964318750?
2, 5, 17, 46723
List the prime factors of 145061319.
3, 13, 1693
List the prime factors of 880173739.
197, 4467887
What are the prime factors of 1709208001?
9091, 188011
What are the prime factors of 349820582?
2, 9521, 18371
What are the prime factors of 44743947?
3, 23, 389, 1667
What are the prime factors of 85514238?
2, 3, 467, 3391
List the prime factors of 42902351.
37, 1159523
What are the prime factors of 326693632?
2, 1276147
What are the prime factors of 19961184?
2, 3, 337, 617
What are the prime factors of 506202435?
3, 5, 11248943
What are the prime factors of 276071793?
3, 29, 1597, 1987
What are the prime factors of 388672029?
3, 43185781
List the prime f